{"id":4480,"date":"2021-11-20T14:28:47","date_gmt":"2021-11-20T14:28:47","guid":{"rendered":"https:\/\/www.natour.travel\/?post_type=portfolio_page&#038;p=4480"},"modified":"2021-12-12T18:16:01","modified_gmt":"2021-12-12T18:16:01","slug":"hotel-el-galeon","status":"publish","type":"portfolio_page","link":"https:\/\/www.natour.travel\/de\/portfolio_page\/hotel-el-galeon\/","title":{"rendered":"Hotel El Gale\u00f3n &#8211; LA PALMA"},"content":{"rendered":"<div class=\"wpb-content-wrapper\"><p>[vc_row css_animation=&#8221;&#8221; row_type=&#8221;row&#8221; use_row_as_full_screen_section=&#8221;no&#8221; type=&#8221;full_width&#8221; angled_section=&#8221;no&#8221; text_align=&#8221;left&#8221; background_image_as_pattern=&#8221;without_pattern&#8221;][vc_column][vc_column_text]HOTEL EL GALE\u00d3N<\/p>\n<p>Carretera Gale\u00f3n, 10, 38700<\/p>\n<p>Santa Cruz de la Palma<\/p>\n<p>Santa Cruz de Tenerife[\/vc_column_text][\/vc_column][\/vc_row][vc_row css_animation=&#8221;&#8221; row_type=&#8221;row&#8221; use_row_as_full_screen_section=&#8221;no&#8221; type=&#8221;full_width&#8221; angled_section=&#8221;no&#8221; text_align=&#8221;left&#8221; background_image_as_pattern=&#8221;without_pattern&#8221;][vc_column][vc_column_text]<iframe loading=\"lazy\" src=\"https:\/\/www.google.com\/maps\/d\/embed?mid=1Aeni9j2V0HYkvDuKHj00n5oGskw&amp;z=15\" width=\"640\" height=\"480\"><\/iframe>[\/vc_column_text][\/vc_column][\/vc_row]<\/p>\n<\/div>","protected":false},"excerpt":{"rendered":"<p>Das Hotel El Gale\u00f3n liegt am westlichen Rand von Santa Cruz de La Palma und bietet einen spektakul\u00e4ren Blick auf den Hafen und den Krater von La Caldereta. Es liegt in der N\u00e4he des beliebten Viertels San Telmo, einer Fu\u00dfg\u00e4ngerzone, von der aus man die Plaza de Santo Domingo, das Teatro Circo de Marte und das Stadtzentrum erreichen kann.  <\/p>\n","protected":false},"author":2,"featured_media":4502,"menu_order":0,"comment_status":"open","ping_status":"closed","template":"","portfolio_category":[135,195],"portfolio_tag":[],"class_list":["post-4480","portfolio_page","type-portfolio_page","status-publish","has-post-thumbnail","hentry","portfolio_category-hotel","portfolio_category-la-palma-de-2"],"acf":[],"_links":{"self":[{"href":"https:\/\/www.natour.travel\/de\/wp-json\/wp\/v2\/portfolio_page\/4480","targetHints":{"allow":["GET"]}}],"collection":[{"href":"https:\/\/www.natour.travel\/de\/wp-json\/wp\/v2\/portfolio_page"}],"about":[{"href":"https:\/\/www.natour.travel\/de\/wp-json\/wp\/v2\/types\/portfolio_page"}],"author":[{"embeddable":true,"href":"https:\/\/www.natour.travel\/de\/wp-json\/wp\/v2\/users\/2"}],"replies":[{"embeddable":true,"href":"https:\/\/www.natour.travel\/de\/wp-json\/wp\/v2\/comments?post=4480"}],"wp:featuredmedia":[{"embeddable":true,"href":"https:\/\/www.natour.travel\/de\/wp-json\/wp\/v2\/media\/4502"}],"wp:attachment":[{"href":"https:\/\/www.natour.travel\/de\/wp-json\/wp\/v2\/media?parent=4480"}],"wp:term":[{"taxonomy":"portfolio_category","embeddable":true,"href":"https:\/\/www.natour.travel\/de\/wp-json\/wp\/v2\/portfolio_category?post=4480"},{"taxonomy":"portfolio_tag","embeddable":true,"href":"https:\/\/www.natour.travel\/de\/wp-json\/wp\/v2\/portfolio_tag?post=4480"}],"curies":[{"name":"wp","href":"https:\/\/api.w.org\/{rel}","templated":true}]}}

Hotel El Galeón &#8211; LA PALMA

<div class="wpb-content-wrapper"><p>[vc_row css_animation=&#8221;&#8221; row_type=&#8221;row&#8221; use_row_as_full_screen_section=&#8221;no&#8221; type=&#8221;full_width&#8221; angled_section=&#8221;no&#8221; text_align=&#8221;left&#8221; background_image_as_pattern=&#8221;without_pattern&#8221;][vc_column][vc_column_text]HOTEL EL GALEÓN</p>
<p>Carretera Galeón, 10, 38700</p>
<p>Santa Cruz de la Palma</p>
<p>Santa Cruz de Tenerife[/vc_column_text][/vc_column][/vc_row][vc_row css_animation=&#8221;&#8221; row_type=&#8221;row&#8221; use_row_as_full_screen_section=&#8221;no&#8221; type=&#8221;full_width&#8221; angled_section=&#8221;no&#8221; text_align=&#8221;left&#8221; background_image_as_pattern=&#8221;without_pattern&#8221;][vc_column][vc_column_text]<iframe loading="lazy" src="https://www.google.com/maps/d/embed?mid=1Aeni9j2V0HYkvDuKHj00n5oGskw&amp;z=15" width="640" height="480"></iframe>[/vc_column_text][/vc_column][/vc_row]</p>
</div>

<p>Das Hotel El Galeón liegt am westlichen Rand von Santa Cruz de La Palma und bietet einen spektakulären Blick auf den Hafen und den Krater von La Caldereta. Es liegt in der Nähe des beliebten Viertels San Telmo, einer Fußgängerzone, von der aus man die Plaza de Santo Domingo, das Teatro Circo de Marte und das Stadtzentrum erreichen kann.  </p>
